{"id":32817,"date":"2020-04-28T13:27:25","date_gmt":"2020-04-28T10:27:25","guid":{"rendered":"http:\/\/www.eoc.ee\/?post_type=product&#038;p=32817"},"modified":"2021-03-06T16:03:30","modified_gmt":"2021-03-06T14:03:30","slug":"usk-ja-elu-nr-1-e-raamat","status":"publish","type":"product","link":"https:\/\/www.eoc.ee\/fr\/pood\/usk-ja-elu-ajakirjad\/usk-ja-elu-nr-1-e-raamat\/","title":{"rendered":"USK JA ELU \u00d5igeusu vaimulik ajakiri nr 1"},"content":{"rendered":"<p><strong>Toimetuse kolleegium:<\/strong> metropoliit Stefanus, arhimandriit prof. Grigorios Papathomas, \u00fclempreester Mattias Palli<br \/>\n<strong>Ilmumise kuup\u00e4ev:<\/strong> kevad 2006<br \/>\n<strong>Lehek\u00fclgi:<\/strong>\u00a081<br \/>\n<strong>Formaat:\u00a0<\/strong>PDF<br \/>\n<strong>ISSN:<\/strong> 1736-4000<\/p>\n","protected":false},"excerpt":{"rendered":"<p>Esimest korda hoiame k\u00e4es ajakirja Usk ja Elu uuel, muutunud kujul. T\u00e4nini j\u00e4rgis Usk ja Elu \u00fcldjoontes seda kuju, mille ta oli saanud paguluses. Ajakiri oli pikkade aastate jooksul otsekui majakas meie kirikurahvale paguluses ja kodumaal ning aitas edasi kanda eesti apostlik-\u00f5igeusu traditsiooni ja omap\u00e4ra. Seega oli ajakirjal oluline s\u00e4ilitav ja kasvatav roll ning Usk ja Elu j\u00e4\u00e4b alati meie Kiriku uuestis\u00fcnni-lootuse s\u00fcmboliks.<\/p>\n<p>Selles numbris:<\/p>\n<ul>\n<li>\u00ab\u00a0Ktisioloogia\u00a0\u00bb <strong>metropoliit Stefanus<\/strong><\/li>\n<li>\u00ab\u00a0Solidaarsusest ja \u00f5iglusest Baltimaade suhtes\u00a0\u00bb <strong>arhimandriit Grigorios Papathomas<\/strong><\/li>\n<li>\u00ab\u00a0Johannes Kuldsuu katehheetilised jutlused\u00a0\u00bb<\/li>\n<li>\u00ab\u00a090 aastat \u00fclempreester Mihkel Suigusaare surmast\u00a0\u00bb <strong>Sergei Seleznjov<\/strong><\/li>\n<\/ul>\n","protected":false},"featured_media":32824,"template":"","meta":{"_exactmetrics_skip_tracking":false,"_exactmetrics_sitenote_active":false,"_exactmetrics_sitenote_note":"","_exactmetrics_sitenote_category":0,"_monsterinsights_skip_tracking":false,"_monsterinsights_sitenote_active":false,"_monsterinsights_sitenote_note":"","_monsterinsights_sitenote_category":0},"product_brand":[],"product_cat":[260],"product_tag":[263,278,261,286],"class_list":{"0":"post-32817","1":"product","2":"type-product","3":"status-publish","4":"has-post-thumbnail","6":"product_cat-usk-ja-elu-ajakirjad","7":"product_tag-grigorios-papathomas","8":"product_tag-johannes-kuldsuu","9":"product_tag-metropoliit-stefanus","10":"product_tag-sergei-seleznjov","12":"first","13":"instock","14":"downloadable","15":"virtual","16":"purchasable","17":"product-type-simple"},"yoast_head":"<!-- This site is optimized with the Yoast SEO plugin v27.5 - https:\/\/yoast.com\/product\/yoast-seo-wordpress\/ -->\n<title>USK JA ELU \u00d5igeusu vaimulik ajakiri nr 1 &#8211; \u00c9glise Orthodoxe d&#039;Estonie<\/title>\n<meta name=\"robots\" content=\"index, follow, max-snippet:-1, max-image-preview:large, max-video-preview:-1\" \/>\n<link rel=\"canonical\" href=\"https:\/\/www.eoc.ee\/pood\/usk-ja-elu-ajakirjad\/usk-ja-elu-nr-1-e-raamat\/\" \/>\n<meta property=\"og:locale\" content=\"fr_FR\" \/>\n<meta property=\"og:type\" content=\"article\" \/>\n<meta property=\"og:title\" content=\"USK JA ELU \u00d5igeusu vaimulik ajakiri nr 1 &#8211; \u00c9glise Orthodoxe d&#039;Estonie\" \/>\n<meta property=\"og:description\" content=\"Esimest korda hoiame k\u00e4es ajakirja Usk ja Elu uuel, muutunud kujul. T\u00e4nini j\u00e4rgis Usk ja Elu \u00fcldjoontes seda kuju, mille ta oli saanud paguluses. Ajakiri oli pikkade aastate jooksul otsekui majakas meie kirikurahvale paguluses ja kodumaal ning aitas edasi kanda eesti apostlik-\u00f5igeusu traditsiooni ja omap\u00e4ra. Seega oli ajakirjal oluline s\u00e4ilitav ja kasvatav roll ning Usk ja Elu j\u00e4\u00e4b alati meie Kiriku uuestis\u00fcnni-lootuse s\u00fcmboliks.  Selles numbris:   &quot;Ktisioloogia&quot; metropoliit Stefanus  &quot;Solidaarsusest ja \u00f5iglusest Baltimaade suhtes&quot; arhimandriit Grigorios Papathomas  &quot;Johannes Kuldsuu katehheetilised jutlused&quot;  &quot;90 aastat \u00fclempreester Mihkel Suigusaare surmast&quot; Sergei Seleznjov\" \/>\n<meta property=\"og:url\" content=\"https:\/\/www.eoc.ee\/pood\/usk-ja-elu-ajakirjad\/usk-ja-elu-nr-1-e-raamat\/\" \/>\n<meta property=\"og:site_name\" content=\"\u00c9glise Orthodoxe d&#039;Estonie\" \/>\n<meta property=\"article:modified_time\" content=\"2021-03-06T14:03:30+00:00\" \/>\n<meta property=\"og:image\" content=\"https:\/\/www.eoc.ee\/wp-content\/uploads\/2020\/04\/Screenshot-2020-04-28-at-13.13.26.png\" \/>\n\t<meta property=\"og:image:width\" content=\"607\" \/>\n\t<meta property=\"og:image:height\" content=\"472\" \/>\n\t<meta property=\"og:image:type\" content=\"image\/png\" \/>\n<script type=\"application\/ld+json\" class=\"yoast-schema-graph\">{\"@context\":\"https:\\\/\\\/schema.org\",\"@graph\":[{\"@type\":\"WebPage\",\"@id\":\"https:\\\/\\\/www.eoc.ee\\\/pood\\\/usk-ja-elu-ajakirjad\\\/usk-ja-elu-nr-1-e-raamat\\\/\",\"url\":\"https:\\\/\\\/www.eoc.ee\\\/pood\\\/usk-ja-elu-ajakirjad\\\/usk-ja-elu-nr-1-e-raamat\\\/\",\"name\":\"USK JA ELU \u00d5igeusu vaimulik ajakiri nr 1 &#8211; \u00c9glise Orthodoxe d'Estonie\",\"isPartOf\":{\"@id\":\"https:\\\/\\\/www.eoc.ee\\\/#website\"},\"primaryImageOfPage\":{\"@id\":\"https:\\\/\\\/www.eoc.ee\\\/pood\\\/usk-ja-elu-ajakirjad\\\/usk-ja-elu-nr-1-e-raamat\\\/#primaryimage\"},\"image\":{\"@id\":\"https:\\\/\\\/www.eoc.ee\\\/pood\\\/usk-ja-elu-ajakirjad\\\/usk-ja-elu-nr-1-e-raamat\\\/#primaryimage\"},\"thumbnailUrl\":\"https:\\\/\\\/www.eoc.ee\\\/wp-content\\\/uploads\\\/2020\\\/04\\\/Screenshot-2020-04-28-at-13.13.26.png\",\"datePublished\":\"2020-04-28T10:27:25+00:00\",\"dateModified\":\"2021-03-06T14:03:30+00:00\",\"breadcrumb\":{\"@id\":\"https:\\\/\\\/www.eoc.ee\\\/pood\\\/usk-ja-elu-ajakirjad\\\/usk-ja-elu-nr-1-e-raamat\\\/#breadcrumb\"},\"inLanguage\":\"fr-FR\",\"potentialAction\":[{\"@type\":\"ReadAction\",\"target\":[\"https:\\\/\\\/www.eoc.ee\\\/pood\\\/usk-ja-elu-ajakirjad\\\/usk-ja-elu-nr-1-e-raamat\\\/\"]}]},{\"@type\":\"ImageObject\",\"inLanguage\":\"fr-FR\",\"@id\":\"https:\\\/\\\/www.eoc.ee\\\/pood\\\/usk-ja-elu-ajakirjad\\\/usk-ja-elu-nr-1-e-raamat\\\/#primaryimage\",\"url\":\"https:\\\/\\\/www.eoc.ee\\\/wp-content\\\/uploads\\\/2020\\\/04\\\/Screenshot-2020-04-28-at-13.13.26.png\",\"contentUrl\":\"https:\\\/\\\/www.eoc.ee\\\/wp-content\\\/uploads\\\/2020\\\/04\\\/Screenshot-2020-04-28-at-13.13.26.png\",\"width\":607,\"height\":472,\"caption\":\"USK JA ELU ajakiri\"},{\"@type\":\"BreadcrumbList\",\"@id\":\"https:\\\/\\\/www.eoc.ee\\\/pood\\\/usk-ja-elu-ajakirjad\\\/usk-ja-elu-nr-1-e-raamat\\\/#breadcrumb\",\"itemListElement\":[{\"@type\":\"ListItem\",\"position\":1,\"name\":\"Home\",\"item\":\"https:\\\/\\\/www.eoc.ee\\\/\"},{\"@type\":\"ListItem\",\"position\":2,\"name\":\"USK JA ELU \u00d5igeusu vaimulik ajakiri nr 1\"}]},{\"@type\":\"WebSite\",\"@id\":\"https:\\\/\\\/www.eoc.ee\\\/#website\",\"url\":\"https:\\\/\\\/www.eoc.ee\\\/\",\"name\":\"\u00c9glise Orthodoxe d'Estonie\",\"description\":\"Eesti Apostlik-\u00d5igeusu Kirik\",\"potentialAction\":[{\"@type\":\"SearchAction\",\"target\":{\"@type\":\"EntryPoint\",\"urlTemplate\":\"https:\\\/\\\/www.eoc.ee\\\/?s={search_term_string}\"},\"query-input\":{\"@type\":\"PropertyValueSpecification\",\"valueRequired\":true,\"valueName\":\"search_term_string\"}}],\"inLanguage\":\"fr-FR\"}]}<\/script>\n<!-- \/ Yoast SEO plugin. -->","yoast_head_json":{"title":"USK JA ELU \u00d5igeusu vaimulik ajakiri nr 1 &#8211; \u00c9glise Orthodoxe d'Estonie","robots":{"index":"index","follow":"follow","max-snippet":"max-snippet:-1","max-image-preview":"max-image-preview:large","max-video-preview":"max-video-preview:-1"},"canonical":"https:\/\/www.eoc.ee\/pood\/usk-ja-elu-ajakirjad\/usk-ja-elu-nr-1-e-raamat\/","og_locale":"fr_FR","og_type":"article","og_title":"USK JA ELU \u00d5igeusu vaimulik ajakiri nr 1 &#8211; \u00c9glise Orthodoxe d'Estonie","og_description":"Esimest korda hoiame k\u00e4es ajakirja Usk ja Elu uuel, muutunud kujul. T\u00e4nini j\u00e4rgis Usk ja Elu \u00fcldjoontes seda kuju, mille ta oli saanud paguluses. Ajakiri oli pikkade aastate jooksul otsekui majakas meie kirikurahvale paguluses ja kodumaal ning aitas edasi kanda eesti apostlik-\u00f5igeusu traditsiooni ja omap\u00e4ra. Seega oli ajakirjal oluline s\u00e4ilitav ja kasvatav roll ning Usk ja Elu j\u00e4\u00e4b alati meie Kiriku uuestis\u00fcnni-lootuse s\u00fcmboliks.  Selles numbris:   \"Ktisioloogia\" metropoliit Stefanus  \"Solidaarsusest ja \u00f5iglusest Baltimaade suhtes\" arhimandriit Grigorios Papathomas  \"Johannes Kuldsuu katehheetilised jutlused\"  \"90 aastat \u00fclempreester Mihkel Suigusaare surmast\" Sergei Seleznjov","og_url":"https:\/\/www.eoc.ee\/pood\/usk-ja-elu-ajakirjad\/usk-ja-elu-nr-1-e-raamat\/","og_site_name":"\u00c9glise Orthodoxe d'Estonie","article_modified_time":"2021-03-06T14:03:30+00:00","og_image":[{"width":607,"height":472,"url":"https:\/\/www.eoc.ee\/wp-content\/uploads\/2020\/04\/Screenshot-2020-04-28-at-13.13.26.png","type":"image\/png"}],"schema":{"@context":"https:\/\/schema.org","@graph":[{"@type":"WebPage","@id":"https:\/\/www.eoc.ee\/pood\/usk-ja-elu-ajakirjad\/usk-ja-elu-nr-1-e-raamat\/","url":"https:\/\/www.eoc.ee\/pood\/usk-ja-elu-ajakirjad\/usk-ja-elu-nr-1-e-raamat\/","name":"USK JA ELU \u00d5igeusu vaimulik ajakiri nr 1 &#8211; \u00c9glise Orthodoxe d'Estonie","isPartOf":{"@id":"https:\/\/www.eoc.ee\/#website"},"primaryImageOfPage":{"@id":"https:\/\/www.eoc.ee\/pood\/usk-ja-elu-ajakirjad\/usk-ja-elu-nr-1-e-raamat\/#primaryimage"},"image":{"@id":"https:\/\/www.eoc.ee\/pood\/usk-ja-elu-ajakirjad\/usk-ja-elu-nr-1-e-raamat\/#primaryimage"},"thumbnailUrl":"https:\/\/www.eoc.ee\/wp-content\/uploads\/2020\/04\/Screenshot-2020-04-28-at-13.13.26.png","datePublished":"2020-04-28T10:27:25+00:00","dateModified":"2021-03-06T14:03:30+00:00","breadcrumb":{"@id":"https:\/\/www.eoc.ee\/pood\/usk-ja-elu-ajakirjad\/usk-ja-elu-nr-1-e-raamat\/#breadcrumb"},"inLanguage":"fr-FR","potentialAction":[{"@type":"ReadAction","target":["https:\/\/www.eoc.ee\/pood\/usk-ja-elu-ajakirjad\/usk-ja-elu-nr-1-e-raamat\/"]}]},{"@type":"ImageObject","inLanguage":"fr-FR","@id":"https:\/\/www.eoc.ee\/pood\/usk-ja-elu-ajakirjad\/usk-ja-elu-nr-1-e-raamat\/#primaryimage","url":"https:\/\/www.eoc.ee\/wp-content\/uploads\/2020\/04\/Screenshot-2020-04-28-at-13.13.26.png","contentUrl":"https:\/\/www.eoc.ee\/wp-content\/uploads\/2020\/04\/Screenshot-2020-04-28-at-13.13.26.png","width":607,"height":472,"caption":"USK JA ELU ajakiri"},{"@type":"BreadcrumbList","@id":"https:\/\/www.eoc.ee\/pood\/usk-ja-elu-ajakirjad\/usk-ja-elu-nr-1-e-raamat\/#breadcrumb","itemListElement":[{"@type":"ListItem","position":1,"name":"Home","item":"https:\/\/www.eoc.ee\/"},{"@type":"ListItem","position":2,"name":"USK JA ELU \u00d5igeusu vaimulik ajakiri nr 1"}]},{"@type":"WebSite","@id":"https:\/\/www.eoc.ee\/#website","url":"https:\/\/www.eoc.ee\/","name":"\u00c9glise Orthodoxe d'Estonie","description":"Eesti Apostlik-\u00d5igeusu Kirik","potentialAction":[{"@type":"SearchAction","target":{"@type":"EntryPoint","urlTemplate":"https:\/\/www.eoc.ee\/?s={search_term_string}"},"query-input":{"@type":"PropertyValueSpecification","valueRequired":true,"valueName":"search_term_string"}}],"inLanguage":"fr-FR"}]}},"_links":{"self":[{"href":"https:\/\/www.eoc.ee\/fr\/wp-json\/wp\/v2\/product\/32817","targetHints":{"allow":["GET"]}}],"collection":[{"href":"https:\/\/www.eoc.ee\/fr\/wp-json\/wp\/v2\/product"}],"about":[{"href":"https:\/\/www.eoc.ee\/fr\/wp-json\/wp\/v2\/types\/product"}],"wp:featuredmedia":[{"embeddable":true,"href":"https:\/\/www.eoc.ee\/fr\/wp-json\/wp\/v2\/media\/32824"}],"wp:attachment":[{"href":"https:\/\/www.eoc.ee\/fr\/wp-json\/wp\/v2\/media?parent=32817"}],"wp:term":[{"taxonomy":"product_brand","embeddable":true,"href":"https:\/\/www.eoc.ee\/fr\/wp-json\/wp\/v2\/product_brand?post=32817"},{"taxonomy":"product_cat","embeddable":true,"href":"https:\/\/www.eoc.ee\/fr\/wp-json\/wp\/v2\/product_cat?post=32817"},{"taxonomy":"product_tag","embeddable":true,"href":"https:\/\/www.eoc.ee\/fr\/wp-json\/wp\/v2\/product_tag?post=32817"}],"curies":[{"name":"wp","href":"https:\/\/api.w.org\/{rel}","templated":true}]}}

USK JA ELU Õigeusu vaimulik ajakiri nr 1

<p><strong>Toimetuse kolleegium:</strong> metropoliit Stefanus, arhimandriit prof. Grigorios Papathomas, ülempreester Mattias Palli<br />
<strong>Ilmumise kuupäev:</strong> kevad 2006<br />
<strong>Lehekülgi:</strong> 81<br />
<strong>Formaat: </strong>PDF<br />
<strong>ISSN:</strong> 1736-4000</p>

<p>Esimest korda hoiame käes ajakirja Usk ja Elu uuel, muutunud kujul. Tänini järgis Usk ja Elu üldjoontes seda kuju, mille ta oli saanud paguluses. Ajakiri oli pikkade aastate jooksul otsekui majakas meie kirikurahvale paguluses ja kodumaal ning aitas edasi kanda eesti apostlik-õigeusu traditsiooni ja omapära. Seega oli ajakirjal oluline säilitav ja kasvatav roll ning Usk ja Elu jääb alati meie Kiriku uuestisünni-lootuse sümboliks.</p>
<p>Selles numbris:</p>
<ul>
<li>« Ktisioloogia » <strong>metropoliit Stefanus</strong></li>
<li>« Solidaarsusest ja õiglusest Baltimaade suhtes » <strong>arhimandriit Grigorios Papathomas</strong></li>
<li>« Johannes Kuldsuu katehheetilised jutlused »</li>
<li>« 90 aastat ülempreester Mihkel Suigusaare surmast » <strong>Sergei Seleznjov</strong></li>
</ul>

<!-- This site is optimized with the Yoast SEO plugin v27.5 - https://yoast.com/product/yoast-seo-wordpress/ -->
<title>USK JA ELU Õigeusu vaimulik ajakiri nr 1 &#8211; Église Orthodoxe d&#039;Estonie</title>
<meta name="robots" content="index, follow, max-snippet:-1, max-image-preview:large, max-video-preview:-1" />
<link rel="canonical" href="https://www.eoc.ee/pood/usk-ja-elu-ajakirjad/usk-ja-elu-nr-1-e-raamat/" />
<meta property="og:locale" content="fr_FR" />
<meta property="og:type" content="article" />
<meta property="og:title" content="USK JA ELU Õigeusu vaimulik ajakiri nr 1 &#8211; Église Orthodoxe d&#039;Estonie" />
<meta property="og:description" content="Esimest korda hoiame käes ajakirja Usk ja Elu uuel, muutunud kujul. Tänini järgis Usk ja Elu üldjoontes seda kuju, mille ta oli saanud paguluses. Ajakiri oli pikkade aastate jooksul otsekui majakas meie kirikurahvale paguluses ja kodumaal ning aitas edasi kanda eesti apostlik-õigeusu traditsiooni ja omapära. Seega oli ajakirjal oluline säilitav ja kasvatav roll ning Usk ja Elu jääb alati meie Kiriku uuestisünni-lootuse sümboliks.  Selles numbris:   &quot;Ktisioloogia&quot; metropoliit Stefanus  &quot;Solidaarsusest ja õiglusest Baltimaade suhtes&quot; arhimandriit Grigorios Papathomas  &quot;Johannes Kuldsuu katehheetilised jutlused&quot;  &quot;90 aastat ülempreester Mihkel Suigusaare surmast&quot; Sergei Seleznjov" />
<meta property="og:url" content="https://www.eoc.ee/pood/usk-ja-elu-ajakirjad/usk-ja-elu-nr-1-e-raamat/" />
<meta property="og:site_name" content="Église Orthodoxe d&#039;Estonie" />
<meta property="article:modified_time" content="2021-03-06T14:03:30+00:00" />
<meta property="og:image" content="https://www.eoc.ee/wp-content/uploads/2020/04/Screenshot-2020-04-28-at-13.13.26.png" />
	<meta property="og:image:width" content="607" />
	<meta property="og:image:height" content="472" />
	<meta property="og:image:type" content="image/png" />
<script type="application/ld+json" class="yoast-schema-graph">{"@context":"https:\/\/schema.org","@graph":[{"@type":"WebPage","@id":"https:\/\/www.eoc.ee\/pood\/usk-ja-elu-ajakirjad\/usk-ja-elu-nr-1-e-raamat\/","url":"https:\/\/www.eoc.ee\/pood\/usk-ja-elu-ajakirjad\/usk-ja-elu-nr-1-e-raamat\/","name":"USK JA ELU Õigeusu vaimulik ajakiri nr 1 &#8211; Église Orthodoxe d'Estonie","isPartOf":{"@id":"https:\/\/www.eoc.ee\/#website"},"primaryImageOfPage":{"@id":"https:\/\/www.eoc.ee\/pood\/usk-ja-elu-ajakirjad\/usk-ja-elu-nr-1-e-raamat\/#primaryimage"},"image":{"@id":"https:\/\/www.eoc.ee\/pood\/usk-ja-elu-ajakirjad\/usk-ja-elu-nr-1-e-raamat\/#primaryimage"},"thumbnailUrl":"https:\/\/www.eoc.ee\/wp-content\/uploads\/2020\/04\/Screenshot-2020-04-28-at-13.13.26.png","datePublished":"2020-04-28T10:27:25+00:00","dateModified":"2021-03-06T14:03:30+00:00","breadcrumb":{"@id":"https:\/\/www.eoc.ee\/pood\/usk-ja-elu-ajakirjad\/usk-ja-elu-nr-1-e-raamat\/#breadcrumb"},"inLanguage":"fr-FR","potentialAction":[{"@type":"ReadAction","target":["https:\/\/www.eoc.ee\/pood\/usk-ja-elu-ajakirjad\/usk-ja-elu-nr-1-e-raamat\/"]}]},{"@type":"ImageObject","inLanguage":"fr-FR","@id":"https:\/\/www.eoc.ee\/pood\/usk-ja-elu-ajakirjad\/usk-ja-elu-nr-1-e-raamat\/#primaryimage","url":"https:\/\/www.eoc.ee\/wp-content\/uploads\/2020\/04\/Screenshot-2020-04-28-at-13.13.26.png","contentUrl":"https:\/\/www.eoc.ee\/wp-content\/uploads\/2020\/04\/Screenshot-2020-04-28-at-13.13.26.png","width":607,"height":472,"caption":"USK JA ELU ajakiri"},{"@type":"BreadcrumbList","@id":"https:\/\/www.eoc.ee\/pood\/usk-ja-elu-ajakirjad\/usk-ja-elu-nr-1-e-raamat\/#breadcrumb","itemListElement":[{"@type":"ListItem","position":1,"name":"Home","item":"https:\/\/www.eoc.ee\/"},{"@type":"ListItem","position":2,"name":"USK JA ELU Õigeusu vaimulik ajakiri nr 1"}]},{"@type":"WebSite","@id":"https:\/\/www.eoc.ee\/#website","url":"https:\/\/www.eoc.ee\/","name":"Église Orthodoxe d'Estonie","description":"Eesti Apostlik-Õigeusu Kirik","potentialAction":[{"@type":"SearchAction","target":{"@type":"EntryPoint","urlTemplate":"https:\/\/www.eoc.ee\/?s={search_term_string}"},"query-input":{"@type":"PropertyValueSpecification","valueRequired":true,"valueName":"search_term_string"}}],"inLanguage":"fr-FR"}]}</script>
<!-- / Yoast SEO plugin. -->

USK JA ELU Õigeusu vaimulik ajakiri nr 1 &#8211; Église Orthodoxe d'Estonie

Esimest korda hoiame käes ajakirja Usk ja Elu uuel, muutunud kujul. Tänini järgis Usk ja Elu üldjoontes seda kuju, mille ta oli saanud paguluses. Ajakiri oli pikkade aastate jooksul otsekui majakas meie kirikurahvale paguluses ja kodumaal ning aitas edasi kanda eesti apostlik-õigeusu traditsiooni ja omapära. Seega oli ajakirjal oluline säilitav ja kasvatav roll ning Usk ja Elu jääb alati meie Kiriku uuestisünni-lootuse sümboliks.  Selles numbris:   "Ktisioloogia" metropoliit Stefanus  "Solidaarsusest ja õiglusest Baltimaade suhtes" arhimandriit Grigorios Papathomas  "Johannes Kuldsuu katehheetilised jutlused"  "90 aastat ülempreester Mihkel Suigusaare surmast" Sergei Seleznjov

Église Orthodoxe d'Estonie

Eesti Apostlik-Õigeusu Kirik
