{"id":42931,"date":"2025-04-30T11:38:49","date_gmt":"2025-04-30T08:38:49","guid":{"rendered":"https:\/\/www.eoc.ee\/?post_type=product&#038;p=42931"},"modified":"2025-04-30T11:38:49","modified_gmt":"2025-04-30T08:38:49","slug":"usk-ja-elu-21-2025","status":"publish","type":"product","link":"https:\/\/www.eoc.ee\/fr\/pood\/eestikeelne-kirjandus\/usk-ja-elu-21-2025\/","title":{"rendered":"Usk ja Elu 21\/2025"},"content":{"rendered":"<p>\u00dche Kiriku ristitee \u00fclest\u00f5usmiseni. Kogemuslik tunnistus. <em>Filadelfia metropoliit Meliton<\/em><\/p>\n<p>Eesti Apostlik-\u00d5igeusu Kiriku loomine &#8211; ajalugu ja t\u00f5lgendused. <em>Priit Rohtmets, Toomas Schvak<\/em><\/p>\n<p>Autekefaalia-autonoomia ja Kiriku kanooniline eel-jurisdiktsionaalne \u00f5igus. P<em>iiskop Grigorios (Papathomas), Peristerioni metropoliit<\/em><\/p>\n<p>Kunst. Raul Meel. <em>Inga Heam\u00e4gi<\/em><\/p>\n<p>&nbsp;<\/p>\n<p>Peatoimetaja Madis Kolk<\/p>\n<p>Keeletoimetaja Epp V\u00e4li<\/p>\n<p>Kujundaja Inga Heam\u00e4gi<\/p>\n","protected":false},"excerpt":{"rendered":"<p>\u00dche Kiriku ristitee \u00fclest\u00f5usmiseni. Kogemuslik tunnistus. Filadelfia metropoliit Meliton Eesti Apostlik-\u00d5igeusu Kiriku loomine &#8211; ajalugu ja t\u00f5lgendused. Priit Rohtmets, Toomas Schvak Autekefaalia-autonoomia ja Kiriku kanooniline eel-jurisdiktsionaalne \u00f5igus. Piiskop Grigorios (Papathomas), Peristerioni metropoliit Kunst. Raul Meel. Inga Heam\u00e4gi &nbsp; Peatoimetaja Madis Kolk Keeletoimetaja Epp V\u00e4li Kujundaja Inga Heam\u00e4gi<\/p>\n","protected":false},"featured_media":42932,"template":"","meta":{"_exactmetrics_skip_tracking":false,"_exactmetrics_sitenote_active":false,"_exactmetrics_sitenote_note":"","_exactmetrics_sitenote_category":0,"_monsterinsights_skip_tracking":false,"_monsterinsights_sitenote_active":false,"_monsterinsights_sitenote_note":"","_monsterinsights_sitenote_category":0},"product_brand":[],"product_cat":[222,260],"product_tag":[],"class_list":{"0":"post-42931","1":"product","2":"type-product","3":"status-publish","4":"has-post-thumbnail","6":"product_cat-eestikeelne-kirjandus","7":"product_cat-usk-ja-elu-ajakirjad","9":"first","10":"instock","11":"shipping-taxable","12":"purchasable","13":"product-type-simple"},"yoast_head":"<!-- This site is optimized with the Yoast SEO plugin v27.5 - https:\/\/yoast.com\/product\/yoast-seo-wordpress\/ -->\n<title>Usk ja Elu 21\/2025 &#8211; \u00c9glise Orthodoxe d&#039;Estonie<\/title>\n<meta name=\"robots\" content=\"index, follow, max-snippet:-1, max-image-preview:large, max-video-preview:-1\" \/>\n<link rel=\"canonical\" href=\"https:\/\/www.eoc.ee\/pood\/eestikeelne-kirjandus\/usk-ja-elu-21-2025\/\" \/>\n<meta property=\"og:locale\" content=\"fr_FR\" \/>\n<meta property=\"og:type\" content=\"article\" \/>\n<meta property=\"og:title\" content=\"Usk ja Elu 21\/2025 &#8211; \u00c9glise Orthodoxe d&#039;Estonie\" \/>\n<meta property=\"og:description\" content=\"\u00dche Kiriku ristitee \u00fclest\u00f5usmiseni. Kogemuslik tunnistus. Filadelfia metropoliit Meliton Eesti Apostlik-\u00d5igeusu Kiriku loomine &#8211; ajalugu ja t\u00f5lgendused. Priit Rohtmets, Toomas Schvak Autekefaalia-autonoomia ja Kiriku kanooniline eel-jurisdiktsionaalne \u00f5igus. Piiskop Grigorios (Papathomas), Peristerioni metropoliit Kunst. Raul Meel. Inga Heam\u00e4gi &nbsp; Peatoimetaja Madis Kolk Keeletoimetaja Epp V\u00e4li Kujundaja Inga Heam\u00e4gi\" \/>\n<meta property=\"og:url\" content=\"https:\/\/www.eoc.ee\/pood\/eestikeelne-kirjandus\/usk-ja-elu-21-2025\/\" \/>\n<meta property=\"og:site_name\" content=\"\u00c9glise Orthodoxe d&#039;Estonie\" \/>\n<meta property=\"og:image\" content=\"https:\/\/www.eoc.ee\/wp-content\/uploads\/2025\/04\/IMG_20250430_113133-scaled.jpg\" \/>\n\t<meta property=\"og:image:width\" content=\"1920\" \/>\n\t<meta property=\"og:image:height\" content=\"2560\" \/>\n\t<meta property=\"og:image:type\" content=\"image\/jpeg\" \/>\n<script type=\"application\/ld+json\" class=\"yoast-schema-graph\">{\"@context\":\"https:\\\/\\\/schema.org\",\"@graph\":[{\"@type\":\"WebPage\",\"@id\":\"https:\\\/\\\/www.eoc.ee\\\/pood\\\/eestikeelne-kirjandus\\\/usk-ja-elu-21-2025\\\/\",\"url\":\"https:\\\/\\\/www.eoc.ee\\\/pood\\\/eestikeelne-kirjandus\\\/usk-ja-elu-21-2025\\\/\",\"name\":\"Usk ja Elu 21\\\/2025 &#8211; \u00c9glise Orthodoxe d'Estonie\",\"isPartOf\":{\"@id\":\"https:\\\/\\\/www.eoc.ee\\\/#website\"},\"primaryImageOfPage\":{\"@id\":\"https:\\\/\\\/www.eoc.ee\\\/pood\\\/eestikeelne-kirjandus\\\/usk-ja-elu-21-2025\\\/#primaryimage\"},\"image\":{\"@id\":\"https:\\\/\\\/www.eoc.ee\\\/pood\\\/eestikeelne-kirjandus\\\/usk-ja-elu-21-2025\\\/#primaryimage\"},\"thumbnailUrl\":\"https:\\\/\\\/www.eoc.ee\\\/wp-content\\\/uploads\\\/2025\\\/04\\\/IMG_20250430_113133-scaled.jpg\",\"datePublished\":\"2025-04-30T08:38:49+00:00\",\"breadcrumb\":{\"@id\":\"https:\\\/\\\/www.eoc.ee\\\/pood\\\/eestikeelne-kirjandus\\\/usk-ja-elu-21-2025\\\/#breadcrumb\"},\"inLanguage\":\"fr-FR\",\"potentialAction\":[{\"@type\":\"ReadAction\",\"target\":[\"https:\\\/\\\/www.eoc.ee\\\/pood\\\/eestikeelne-kirjandus\\\/usk-ja-elu-21-2025\\\/\"]}]},{\"@type\":\"ImageObject\",\"inLanguage\":\"fr-FR\",\"@id\":\"https:\\\/\\\/www.eoc.ee\\\/pood\\\/eestikeelne-kirjandus\\\/usk-ja-elu-21-2025\\\/#primaryimage\",\"url\":\"https:\\\/\\\/www.eoc.ee\\\/wp-content\\\/uploads\\\/2025\\\/04\\\/IMG_20250430_113133-scaled.jpg\",\"contentUrl\":\"https:\\\/\\\/www.eoc.ee\\\/wp-content\\\/uploads\\\/2025\\\/04\\\/IMG_20250430_113133-scaled.jpg\",\"width\":1920,\"height\":2560},{\"@type\":\"BreadcrumbList\",\"@id\":\"https:\\\/\\\/www.eoc.ee\\\/pood\\\/eestikeelne-kirjandus\\\/usk-ja-elu-21-2025\\\/#breadcrumb\",\"itemListElement\":[{\"@type\":\"ListItem\",\"position\":1,\"name\":\"Home\",\"item\":\"https:\\\/\\\/www.eoc.ee\\\/\"},{\"@type\":\"ListItem\",\"position\":2,\"name\":\"Usk ja Elu 21\\\/2025\"}]},{\"@type\":\"WebSite\",\"@id\":\"https:\\\/\\\/www.eoc.ee\\\/#website\",\"url\":\"https:\\\/\\\/www.eoc.ee\\\/\",\"name\":\"\u00c9glise Orthodoxe d'Estonie\",\"description\":\"Eesti Apostlik-\u00d5igeusu Kirik\",\"potentialAction\":[{\"@type\":\"SearchAction\",\"target\":{\"@type\":\"EntryPoint\",\"urlTemplate\":\"https:\\\/\\\/www.eoc.ee\\\/?s={search_term_string}\"},\"query-input\":{\"@type\":\"PropertyValueSpecification\",\"valueRequired\":true,\"valueName\":\"search_term_string\"}}],\"inLanguage\":\"fr-FR\"}]}<\/script>\n<!-- \/ Yoast SEO plugin. -->","yoast_head_json":{"title":"Usk ja Elu 21\/2025 &#8211; \u00c9glise Orthodoxe d'Estonie","robots":{"index":"index","follow":"follow","max-snippet":"max-snippet:-1","max-image-preview":"max-image-preview:large","max-video-preview":"max-video-preview:-1"},"canonical":"https:\/\/www.eoc.ee\/pood\/eestikeelne-kirjandus\/usk-ja-elu-21-2025\/","og_locale":"fr_FR","og_type":"article","og_title":"Usk ja Elu 21\/2025 &#8211; \u00c9glise Orthodoxe d'Estonie","og_description":"\u00dche Kiriku ristitee \u00fclest\u00f5usmiseni. Kogemuslik tunnistus. Filadelfia metropoliit Meliton Eesti Apostlik-\u00d5igeusu Kiriku loomine &#8211; ajalugu ja t\u00f5lgendused. Priit Rohtmets, Toomas Schvak Autekefaalia-autonoomia ja Kiriku kanooniline eel-jurisdiktsionaalne \u00f5igus. Piiskop Grigorios (Papathomas), Peristerioni metropoliit Kunst. Raul Meel. Inga Heam\u00e4gi &nbsp; Peatoimetaja Madis Kolk Keeletoimetaja Epp V\u00e4li Kujundaja Inga Heam\u00e4gi","og_url":"https:\/\/www.eoc.ee\/pood\/eestikeelne-kirjandus\/usk-ja-elu-21-2025\/","og_site_name":"\u00c9glise Orthodoxe d'Estonie","og_image":[{"width":1920,"height":2560,"url":"https:\/\/www.eoc.ee\/wp-content\/uploads\/2025\/04\/IMG_20250430_113133-scaled.jpg","type":"image\/jpeg"}],"schema":{"@context":"https:\/\/schema.org","@graph":[{"@type":"WebPage","@id":"https:\/\/www.eoc.ee\/pood\/eestikeelne-kirjandus\/usk-ja-elu-21-2025\/","url":"https:\/\/www.eoc.ee\/pood\/eestikeelne-kirjandus\/usk-ja-elu-21-2025\/","name":"Usk ja Elu 21\/2025 &#8211; \u00c9glise Orthodoxe d'Estonie","isPartOf":{"@id":"https:\/\/www.eoc.ee\/#website"},"primaryImageOfPage":{"@id":"https:\/\/www.eoc.ee\/pood\/eestikeelne-kirjandus\/usk-ja-elu-21-2025\/#primaryimage"},"image":{"@id":"https:\/\/www.eoc.ee\/pood\/eestikeelne-kirjandus\/usk-ja-elu-21-2025\/#primaryimage"},"thumbnailUrl":"https:\/\/www.eoc.ee\/wp-content\/uploads\/2025\/04\/IMG_20250430_113133-scaled.jpg","datePublished":"2025-04-30T08:38:49+00:00","breadcrumb":{"@id":"https:\/\/www.eoc.ee\/pood\/eestikeelne-kirjandus\/usk-ja-elu-21-2025\/#breadcrumb"},"inLanguage":"fr-FR","potentialAction":[{"@type":"ReadAction","target":["https:\/\/www.eoc.ee\/pood\/eestikeelne-kirjandus\/usk-ja-elu-21-2025\/"]}]},{"@type":"ImageObject","inLanguage":"fr-FR","@id":"https:\/\/www.eoc.ee\/pood\/eestikeelne-kirjandus\/usk-ja-elu-21-2025\/#primaryimage","url":"https:\/\/www.eoc.ee\/wp-content\/uploads\/2025\/04\/IMG_20250430_113133-scaled.jpg","contentUrl":"https:\/\/www.eoc.ee\/wp-content\/uploads\/2025\/04\/IMG_20250430_113133-scaled.jpg","width":1920,"height":2560},{"@type":"BreadcrumbList","@id":"https:\/\/www.eoc.ee\/pood\/eestikeelne-kirjandus\/usk-ja-elu-21-2025\/#breadcrumb","itemListElement":[{"@type":"ListItem","position":1,"name":"Home","item":"https:\/\/www.eoc.ee\/"},{"@type":"ListItem","position":2,"name":"Usk ja Elu 21\/2025"}]},{"@type":"WebSite","@id":"https:\/\/www.eoc.ee\/#website","url":"https:\/\/www.eoc.ee\/","name":"\u00c9glise Orthodoxe d'Estonie","description":"Eesti Apostlik-\u00d5igeusu Kirik","potentialAction":[{"@type":"SearchAction","target":{"@type":"EntryPoint","urlTemplate":"https:\/\/www.eoc.ee\/?s={search_term_string}"},"query-input":{"@type":"PropertyValueSpecification","valueRequired":true,"valueName":"search_term_string"}}],"inLanguage":"fr-FR"}]}},"_links":{"self":[{"href":"https:\/\/www.eoc.ee\/fr\/wp-json\/wp\/v2\/product\/42931","targetHints":{"allow":["GET"]}}],"collection":[{"href":"https:\/\/www.eoc.ee\/fr\/wp-json\/wp\/v2\/product"}],"about":[{"href":"https:\/\/www.eoc.ee\/fr\/wp-json\/wp\/v2\/types\/product"}],"wp:featuredmedia":[{"embeddable":true,"href":"https:\/\/www.eoc.ee\/fr\/wp-json\/wp\/v2\/media\/42932"}],"wp:attachment":[{"href":"https:\/\/www.eoc.ee\/fr\/wp-json\/wp\/v2\/media?parent=42931"}],"wp:term":[{"taxonomy":"product_brand","embeddable":true,"href":"https:\/\/www.eoc.ee\/fr\/wp-json\/wp\/v2\/product_brand?post=42931"},{"taxonomy":"product_cat","embeddable":true,"href":"https:\/\/www.eoc.ee\/fr\/wp-json\/wp\/v2\/product_cat?post=42931"},{"taxonomy":"product_tag","embeddable":true,"href":"https:\/\/www.eoc.ee\/fr\/wp-json\/wp\/v2\/product_tag?post=42931"}],"curies":[{"name":"wp","href":"https:\/\/api.w.org\/{rel}","templated":true}]}}

<p>Ühe Kiriku ristitee ülestõusmiseni. Kogemuslik tunnistus. <em>Filadelfia metropoliit Meliton</em></p>
<p>Eesti Apostlik-Õigeusu Kiriku loomine &#8211; ajalugu ja tõlgendused. <em>Priit Rohtmets, Toomas Schvak</em></p>
<p>Autekefaalia-autonoomia ja Kiriku kanooniline eel-jurisdiktsionaalne õigus. P<em>iiskop Grigorios (Papathomas), Peristerioni metropoliit</em></p>
<p>Kunst. Raul Meel. <em>Inga Heamägi</em></p>
<p>&nbsp;</p>
<p>Peatoimetaja Madis Kolk</p>
<p>Keeletoimetaja Epp Väli</p>
<p>Kujundaja Inga Heamägi</p>

<p>Ühe Kiriku ristitee ülestõusmiseni. Kogemuslik tunnistus. Filadelfia metropoliit Meliton Eesti Apostlik-Õigeusu Kiriku loomine &#8211; ajalugu ja tõlgendused. Priit Rohtmets, Toomas Schvak Autekefaalia-autonoomia ja Kiriku kanooniline eel-jurisdiktsionaalne õigus. Piiskop Grigorios (Papathomas), Peristerioni metropoliit Kunst. Raul Meel. Inga Heamägi &nbsp; Peatoimetaja Madis Kolk Keeletoimetaja Epp Väli Kujundaja Inga Heamägi</p>

<!-- This site is optimized with the Yoast SEO plugin v27.5 - https://yoast.com/product/yoast-seo-wordpress/ -->
<title>Usk ja Elu 21/2025 &#8211; Église Orthodoxe d&#039;Estonie</title>
<meta name="robots" content="index, follow, max-snippet:-1, max-image-preview:large, max-video-preview:-1" />
<link rel="canonical" href="https://www.eoc.ee/pood/eestikeelne-kirjandus/usk-ja-elu-21-2025/" />
<meta property="og:locale" content="fr_FR" />
<meta property="og:type" content="article" />
<meta property="og:title" content="Usk ja Elu 21/2025 &#8211; Église Orthodoxe d&#039;Estonie" />
<meta property="og:description" content="Ühe Kiriku ristitee ülestõusmiseni. Kogemuslik tunnistus. Filadelfia metropoliit Meliton Eesti Apostlik-Õigeusu Kiriku loomine &#8211; ajalugu ja tõlgendused. Priit Rohtmets, Toomas Schvak Autekefaalia-autonoomia ja Kiriku kanooniline eel-jurisdiktsionaalne õigus. Piiskop Grigorios (Papathomas), Peristerioni metropoliit Kunst. Raul Meel. Inga Heamägi &nbsp; Peatoimetaja Madis Kolk Keeletoimetaja Epp Väli Kujundaja Inga Heamägi" />
<meta property="og:url" content="https://www.eoc.ee/pood/eestikeelne-kirjandus/usk-ja-elu-21-2025/" />
<meta property="og:site_name" content="Église Orthodoxe d&#039;Estonie" />
<meta property="og:image" content="https://www.eoc.ee/wp-content/uploads/2025/04/IMG_20250430_113133-scaled.jpg" />
	<meta property="og:image:width" content="1920" />
	<meta property="og:image:height" content="2560" />
	<meta property="og:image:type" content="image/jpeg" />
<script type="application/ld+json" class="yoast-schema-graph">{"@context":"https:\/\/schema.org","@graph":[{"@type":"WebPage","@id":"https:\/\/www.eoc.ee\/pood\/eestikeelne-kirjandus\/usk-ja-elu-21-2025\/","url":"https:\/\/www.eoc.ee\/pood\/eestikeelne-kirjandus\/usk-ja-elu-21-2025\/","name":"Usk ja Elu 21\/2025 &#8211; Église Orthodoxe d'Estonie","isPartOf":{"@id":"https:\/\/www.eoc.ee\/#website"},"primaryImageOfPage":{"@id":"https:\/\/www.eoc.ee\/pood\/eestikeelne-kirjandus\/usk-ja-elu-21-2025\/#primaryimage"},"image":{"@id":"https:\/\/www.eoc.ee\/pood\/eestikeelne-kirjandus\/usk-ja-elu-21-2025\/#primaryimage"},"thumbnailUrl":"https:\/\/www.eoc.ee\/wp-content\/uploads\/2025\/04\/IMG_20250430_113133-scaled.jpg","datePublished":"2025-04-30T08:38:49+00:00","breadcrumb":{"@id":"https:\/\/www.eoc.ee\/pood\/eestikeelne-kirjandus\/usk-ja-elu-21-2025\/#breadcrumb"},"inLanguage":"fr-FR","potentialAction":[{"@type":"ReadAction","target":["https:\/\/www.eoc.ee\/pood\/eestikeelne-kirjandus\/usk-ja-elu-21-2025\/"]}]},{"@type":"ImageObject","inLanguage":"fr-FR","@id":"https:\/\/www.eoc.ee\/pood\/eestikeelne-kirjandus\/usk-ja-elu-21-2025\/#primaryimage","url":"https:\/\/www.eoc.ee\/wp-content\/uploads\/2025\/04\/IMG_20250430_113133-scaled.jpg","contentUrl":"https:\/\/www.eoc.ee\/wp-content\/uploads\/2025\/04\/IMG_20250430_113133-scaled.jpg","width":1920,"height":2560},{"@type":"BreadcrumbList","@id":"https:\/\/www.eoc.ee\/pood\/eestikeelne-kirjandus\/usk-ja-elu-21-2025\/#breadcrumb","itemListElement":[{"@type":"ListItem","position":1,"name":"Home","item":"https:\/\/www.eoc.ee\/"},{"@type":"ListItem","position":2,"name":"Usk ja Elu 21\/2025"}]},{"@type":"WebSite","@id":"https:\/\/www.eoc.ee\/#website","url":"https:\/\/www.eoc.ee\/","name":"Église Orthodoxe d'Estonie","description":"Eesti Apostlik-Õigeusu Kirik","potentialAction":[{"@type":"SearchAction","target":{"@type":"EntryPoint","urlTemplate":"https:\/\/www.eoc.ee\/?s={search_term_string}"},"query-input":{"@type":"PropertyValueSpecification","valueRequired":true,"valueName":"search_term_string"}}],"inLanguage":"fr-FR"}]}</script>
<!-- / Yoast SEO plugin. -->

Usk ja Elu 21/2025 &#8211; Église Orthodoxe d'Estonie

Ühe Kiriku ristitee ülestõusmiseni. Kogemuslik tunnistus. Filadelfia metropoliit Meliton Eesti Apostlik-Õigeusu Kiriku loomine &#8211; ajalugu ja tõlgendused. Priit Rohtmets, Toomas Schvak Autekefaalia-autonoomia ja Kiriku kanooniline eel-jurisdiktsionaalne õigus. Piiskop Grigorios (Papathomas), Peristerioni metropoliit Kunst. Raul Meel. Inga Heamägi &nbsp; Peatoimetaja Madis Kolk Keeletoimetaja Epp Väli Kujundaja Inga Heamägi

Église Orthodoxe d'Estonie

Eesti Apostlik-Õigeusu Kirik
